hat is the remainder when b is divided by s?
6
Let l(v) = 2*v**2 + 5*v + 1. What is the remainder when 113 is divided by l(2)?
18
Suppose -a = -3*k + 1, 2*a = -3*k + 2*k + 12. Suppose -3 = -a*s - 8. What is the remainder when 77 is divided by s + 22 + 2 + 3/1?
25
Let z = 14 + -4. Calculate the remainder when (-11 + 13)/(6/222) is divided by z.
4
Suppose -4*d = -4, -a + 2*d + d - 1 = 0. Suppose -a*o - 2 = 4*n, n + 4 = -5*o - 1. What is the remainder when 35 is divided by (38/2)/(o + 2)?
16
Let s be 26/6 - ((-16)/(-12) + -2). Suppose 3*m + 2*v - 160 = 0, -s*m + 293 + 7 = -5*v. Let n = m + -43. What is the remainder when 36 is divided by n?
10
Let f(c) = c + 86. Suppose s + 5*o = 55, 5*s - 66 = 2*o + 74. Calculate the remainder when f(s) is divided by 13.
12
Let l(z) = -z**3 + 23*z**2 - 19*z - 62. Suppose 0 = 22*i - 329 - 1. What is the remainder when i is divided by l(22)?
3
Let y(b) = b. Let c = 18 + 184. Let t = c + -190. What is the remainder when t is divided by y(4)?
0
Suppose -13*x + 4*x = -81. Suppose -101 = 20*s - 781. What is the remainder when s is divided by x?
7
Let o = 27489 - 20038. Calculate the remainder when o is divided by 105.
101
Let t = -39 - -46. Suppose 23*g = 25*g + 42. What is the remainder when t/g*28/(-2)*3 is divided by 5?
4
Let j(q) = 29*q + 1. Suppose 0 = 8*o - 1792 - 32. Suppose p - o = -18*p. Calculate the remainder when j(2) is divided by p.
11
Let t(k) = -711*k - 2839. Calculate the remainder when 211 is divided by t(-4).
1
Suppose 0 = -k - 5*d + 374, -2 = -2*d + d. Let c = k + -315. Calculate the remainder when c is divided by (0 + 4)*(-13)/(-2).
23
Suppose -3*t = -y - 5*t + 1, -3*y = -3*t - 21. Suppose y*g + 256 = 21*g. Calculate the remainder when 205 is divided by g.
13
Suppose 0 = 7*a - 0*a - 1449. Let b = 2622 + -2604. What is the remainder when a is divided by b?
9
Suppose 8 = t - f, -4*t + 8*f = 5*f - 27. Calculate the remainder when 60 is divided by t*15/9 - (-15 + 11).
6
Let f(y) = -9*y**3 + 3*y**2 - 1. Let v be (-3 - (-2232)/(-15))/((-2)/(-10)). What is the remainder when f(-2) is divided by v/(-69) - (-1 - 2)?
13
Suppose -2*o + 5*i = -86 - 193, 2*o - 2*i = 282. Calculate the remainder when o is divided by (-15)/55 + 7980/220.
34
Let a = -10919 + 12882. What is the remainder when a is divided by 489?
7
Let x(j) = j**2 + 95*j - 24401. What is the remainder when x(-211) is divided by (-6)/15 + (-97)/(-5)?
18
Let f(m) = 614 + 0*m + 2*m**3 - 567 - 4*m + 38*m**2. Calculate the remainder when f(-19) is divided by 18.
15
Suppose -115*v + 2150 = -54*v + 15. Calculate the remainder when 102 is divided by v.
32
Suppose -9*o = -7968 - 6495. Calculate the remainder when o is divided by 134.
133
Let k = 23530 + -23498. What is the remainder when 1434 is divided by k?
26
Let t be -22 - -22 - 12/(-2). Calculate the remainder when (t + 40/(-12))*27/2 is divided by 9.
0
Let v(k) = -k**2 - 4*k + 50. Let m be (-1)/(6/192*4). Calculate the remainder when v(m) is divided by 13.
5
Calculate the remainder when 1621 is divided by 18/(-39) - (3924/(-52) + 1).
67
Let k(l) = l**3 + 6*l**2 + 5*l + 3. Let j be k(-5). Suppose -176 - 91 = j*f. Let m = 111 + f. What is the remainder when 61 is divided by m?
17
Let z = -60 + 81. Suppose z = 5*c - 39. Suppose -16*p = -c*p - 292. What is the remainder when p is divided by 21?
10
Let j = 105 - 102. Calculate the remainder when 80 is divided by j/(-6) - (-100)/8.
8
Let a = 1233 - 1150. Calculate the remainder when 193 is divided by a.
27
Suppose -3*q + 31 = 4*j - 9*j, 0 = 5*q + j - 5. Suppose 0 = n + q*l - 20, -2*n = 2*l + 23 - 53. Calculate the remainder when 239 is divided by n.
9
Suppose 1052 = 3*k + k. Let n = -65 + k. Suppose 466 = 10*l + 66. Calculate the remainder when n is divided by l.
38
Suppose -2*k = -2*t - 2 - 10, -4*t + 5*k = 25. Let z(v) = v**2 + 6*v + 13. Let m be z(t). Suppose m*q - 52 = 36. What is the remainder when 98 is divided by q?
10
Suppose 311*s - 264 = 278*s. What is the remainder when 417 is divided by s?
1
Suppose 25 = 5*z - 18*h + 14*h, 0 = -4*z - 4*h + 20. Suppose 0 = -3*b - 12, -11 = -2*q - z*b + 199. What is the remainder when q is divided by 39?
37
Suppose 0 = -5*h + 2*i + 3005, 1568 = 4*h + i - 849. What is the remainder when h is divided by 154?
141
Let l = 512 + -514. Calculate the remainder when (-4)/1 + l*810/(-20) is divided by 22.
11
Let j(c) = 498*c - 4904. Calculate the remainder when 5013 is divided by j(10).
73
What is the remainder when (-1*(-18 - 579))/((-1)/(-3 - -1)) is divided by 169?
11
Let l = -1731 - -1795. Calculate the remainder when l is divided by (-178)/(-8) - 3/(-4).
18
Let l(w) = 14*w**3 - 6*w**2 + 3*w + 3. Calculate the remainder when l(2) is divided by 30.
7
Let d be 2*769*54/(-108). Let z = -704 - d. What is the remainder when 154 is divided by z?
24
Suppose -4*o = -3*a - 294 - 24, -2*a = 5*o - 386. Calculate the remainder when 1530 is divided by o.
48
Suppose 2*i + 4*v - 68 = 0, 0 = -24*i + 25*i + 3*v - 31. What is the remainder when 918 is divided by i?
38
Let h(i) = 2*i**2 - 4*i - 31. Suppose 3*a - 226 = -55. What is the remainder when a is divided by h(-4)?
6
Let y = 6261 + -6254. Suppose 0 = 4*b - 5*o - 56 - 16, -2*b + 36 = -o. What is the remainder when b is divided by y?
4
Let k(n) = -n**3 - 6*n**2 + n - 1. Let z be k(-6). Calculate the remainder when 34 - (5 - 1) - z is divided by 34.
3
Let w(y) = -y + 5. Calculate the remainder when (3 - 0)/(-3)*(-45 + 0) is divided by w(-7).
9
Let t(k) = -5*k**3 + k**2 + 26*k + 95. What is the remainder when 628 is divided by t(-4)?
301
Suppose 501 = -3*f + 546. Suppose -25 = -f*l + 20. Calculate the remainder when 23 is divided by l.
2
Suppose 0 = q + 4*t - 70 - 175, -5*q + 1300 = -5*t. Let j = 305 - q. Calculate the remainder when 286 is divided by j.
46
Suppose -16*m + 143 = -1111 - 234. Calculate the remainder when 3346 is divided by m.
91
Suppose 3*s + 3*a = 49 + 8, 4*s + 2*a = 68. Suppose 7*b = 7033 + 674. Let u = b + -1062. What is the remainder when u is divided by s?
9
Suppose 2*o + 2*o = 196. Suppose 3*y - 175 = -o. Suppose -34*x + 4646 = 2094 - 4554. Calculate the remainder when x is divided by y.
41
Suppose 7960 = 14*a + 16*a + 10*a. What is the remainder when 1587 is divided by a?
194
Let q = 6 + 6. Let w be (9 + 76/(-8))*4*2. Let y(v) = 3*v**2 + 2*v - 9. What is the remainder when y(w) is divided by q?
7
Suppose -41 - 13 = -3*v. Let q = -563 + 840. Let o = q - 210. What is the remainder when o is divided by v?
13
Suppose 5*n + 5 = -0*n, 51 = 5*x + 4*n. What is the remainder when 39 is divided by (2 + -3)/(x/(-77))?
4
Let v(h) = h**3 - 16*h**2 + 11*h + 19. Let d(s) = 3*s**3 - 49*s**2 + 33*s + 56. Let w(z) = 2*d(z) - 7*v(z). Calculate the remainder when 29 is divided by w(13).
4
Let h = 95 - 65. Let d = 241 + -503. Calculate the remainder when (-2)/6 + d/(-3) is divided by h.
27
Let k = -8258 - -8307. What is the remainder when 1281 is divided by k?
7
Suppose 5*k = 10*k - 35. Let u(p) = k*p - p - 5*p + 2*p - 18. What is the remainder when 57 is divided by u(10)?
9
Let y = -33 + 54. Let r(d) = -d**2 + 10*d. Calculate the remainder when (y/5)/(24/80) is divided by r(9).
5
Let h be (-81600)/(-357) + (-4)/7. Suppose k + 221 = h. What is the remainder when 244 is divided by k?
6
Suppose 0 = 2*o - r - 140, -33 = 2*o + 3*r - 181. Suppose 3*t - t = -k + o, 5*t + k - 176 = 0. Calculate the remainder when t is divided by (3/2)/(3/24).
11
Suppose 8*o - 5*n = 3*o + 80, -5*n = -3*o + 42. Suppose 36 = -51*i + 42*i. Calculate the remainder when o is divided by -20*(10/i + 2).
9
Let x(a) = 816*a + 881. What is the remainder when x(1) is divided by 13?
7
Let b = 526 + -517. Suppose 761 + 1723 = b*i. What is the remainder when i is divided by 70?
66
Calculate the remainder when 523 is divided by 0 - (-7 - (-6 - (-6 - 17))).
19
Suppose -3942 = -3*p + 2*v, -3410 - 3160 = -5*p - 5*v. Calculate the remainder when p is divided by 29.
9
Let i = -35 + 63. Let d = 1330 + -1312. What is the remainder when i is divided by d?
10
Suppose 399 = -356*x + 363*x. What is the remainder when x is divided by 12?
9
Calculate the remainder when 251 is divided by (-12)/8*(-4 + (-1132)/12 - -5).
111
Suppose 3*q - 2*o = 11, -3*q = -0*q - 4*o - 7. Suppose b = -2*x - x + 39, -51 = -q*x + 3*b. Calculate the re